se 3, what is 10222 - 0?
10222
In base 15, what is 2 - -986?
988
In base 2, what is -11111 - 100001100?
-100101011
In base 14, what is -1 - 21?
-22
In base 13, what is -3c + -16?
-55
In base 3, what is -211012 + -10?
-211022
In base 13, what is 963 + -4?
95c
In base 16, what is -20cf - -5?
-20ca
In base 3, what is -12 + 22001?
21212
In base 13, what is -22 - 20?
-42
In base 9, what is -112 - 2?
-114
In base 11, what is 7 - -567?
573
In base 4, what is -301323 - 3?
-301332
In base 2, what is 10101 - 1100?
1001
In base 14, what is -16 - 101?
-117
In base 2, what is 110001000101 - -1?
110001000110
In base 4, what is 31212 + 10?
31222
In base 6, what is 40105 + 2?
40111
In base 5, what is -30 + 303?
223
In base 11, what is -11 + a0?
8a
In base 12, what is 5a4b - -2?
5a51
In base 3, what is -100210 + -2?
-100212
In base 12, what is 15a + -8?
152
In base 7, what is -2 + 405?
403
In base 10, what is 9 - 832?
-823
In base 13, what is b44 + 0?
b44
In base 13, what is -21 - -12a?
109
In base 3, what is -10201 - 12?
-10220
In base 16, what is -14b - -1?
-14a
In base 11, what is -23 + -61?
-84
In base 3, what is 2201 + 10?
2211
In base 3, what is 200 - -20?
220
In base 8, what is 1 - 140?
-137
In base 6, what is -4 - 41?
-45
In base 14, what is -129 - 4?
-12d
In base 14, what is -8 - -71?
67
In base 15, what is -3 + -21?
-24
In base 10, what is -4 + 7?
3
In base 13, what is 1 + 24?
25
In base 2, what is -101100011010100 - -11?
-101100011010001
In base 2, what is 1001110100 - 111?
1001101101
In base 10, what is -312 - 5?
-317
In base 4, what is -321 - 320?
-1301
In base 5, what is 22201 - 1?
22200
In base 11, what is -6 - -a3?
98
In base 3, what is 2111 + -211?
1200
In base 4, what is -2 - 3012?
-3020
In base 5, what is 4101 + -3?
4043
In base 3, what is 2212 - 12?
2200
In base 4, what is -112 + 123?
11
In base 10, what is -2162 - 4?
-2166
In base 4, what is 11310211 + -1?
11310210
In base 10, what is 973 - 19?
954
In base 7, what is -1 - 121?
-122
In base 11, what is 4 - 15?
-11
In base 6, what is -135 - 3?
-142
In base 14, what is 51 - 2?
4d
In base 11, what is 777 + 2?
779
In base 14, what is -8 - 315?
-31d
In base 4, what is 3023 - 0?
3023
In base 16, what is -1 - -13?
12
In base 6, what is -2344 - 4?
-2352
In base 9, what is 3 + 50?
53
In base 6, what is 0 + 51?
51
In base 9, what is -3 - -44?
41
In base 7, what is 42 + 4?
46
In base 13, what is 13b - 8?
133
In base 12, what is 133b + -4?
1337
In base 16, what is -21 + -9?
-2a
In base 14, what is -144c - -2?
-144a
In base 11, what is 4 + 20a?
213
In base 6, what is 3 - 10?
-3
In base 9, what is -33 - 383?
-426
In base 2, what is 11 + 1110?
10001
In base 13, what is 13a - 5?
135
In base 12, what is -164 + 16?
-14a
In base 13, what is 11 - -5?
16
In base 11, what is 15515 + -4?
15511
In base 9, what is 1454 + -1?
1453
In base 2, what is -10100010011 + -100?
-10100010111
In base 14, what is -7 + b?
4
In base 3, what is -12 - 1112002?
-1112021
In base 5, what is 0 + -230?
-230
In base 2, what is -11 + 11111?
11100
In base 9, what is 5 + 453?
458
In base 2, what is -100 + -10111?
-11011
In base 15, what is 12 - 2b?
-19
In base 4, what is 321300 + 12?
321312
In base 9, what is -3 - -361?
357
In base 2, what is 11 - -111110001010?
111110001101
In base 7, what is -46 + 4?
-42
In base 6, what is -3 + -425?
-432
In base 9, what is 2 - 53?
-51
In base 8, what is 3021 - 4?
3015
In base 4, what is 21032122 - 0?
21032122
In base 13, what is -2 + -2c?
-31
In base 7, what is 521 + 0?
521
In base 11, what is 6 + 10?
16
In base 3, what is -1201 + -1?
-1202
In base 12, what is 20 + 60?
80
In base 14, what is -5 + 3?
-2
In base 16, what is 0 - 35?
-35
In base 10, what is 4325 - -3?
4328
In base 8, what is 3 - 2650?
-2645
In base 6, what is 12233 + 0?
12233
In base 7, what is 143 - 3?
140
In base 15, what is -184a + -5?
-1850
In base 7, what is 1 + 1112?
1113
In base 15, what is 0 + 92?
92
In base 8, what is -44 + -242?
-306
In base 4, what is -10 + -10111?
-10121
In base 2, what is 101 + 1100100?
1101001
In base 13, what is 32 + 8?
3a
In base 7, what is -2 + -156?
-161
In base 5, what is -1224112 + -2?
-1224114
In base 3, what is 1022 + -100?
222
In base 6, what is 0 + 102?
102
In base 11, what is 6 + -a?
-4
In base 16, what is 2a2 + c?
2ae
In base 9, what is 4 + 224?
228
In base 5, what is 232 - 10?
222
In base 6, what is -15 - -3?
-12
In base 11, what is -4a + -4?
-53
In base 5, what is -32 + -3?
-40
In base 12, what is 2 - -761?
763
In base 9, what is -107 + 5?
-102
In base 16, what is 13 - 1?
12
In base 15, what is c7 - -1?
c8
In base 8, what is 7624 - 0?
7624
In base 16, what is 1f + 8?
27
In base 10, what is 1397 - 2?
1395
In base 3, what is 2021010 - 12?
2020221
In base 7, what is 541 - 5?
533
In base 8, what is -2 + -76?
-100
In base 7, what is -65 + -14?
-112
In base 6, what is 1110 + 2?
1112
In base 14, what is 1 + -133?
-132
In base 8, what is 212 + -21?
171
In base 16, what is a9 - -1?
aa
In base 6, what is 401 - -3?
404
In base 13, what is 5 + 192?
197
In base 6, what is 43 + -331?
-244
In base 16, what is 130 - 3?
12d
In base 11, what is -a - -35?
26
In base 7, what is 1364 - -3?
1400
In base 10, what is -21 + -7?
-28
In base 5, what is 1 + 2340?
2341
In base 12, what is 2 + 59?
5b
In base 8, what is 22 + -76?
-54
In base 12, what is -4 + 1b72?
1b6a
In base 12, what is -2a6 + 4?
-2a2
In base 4, what is -222012 - 10?
-222022
In base 5, what is 10113 - 20?
10043
In base 15, what is -9 + 3c?
33
In base 15, what is 18 - -d?
26
In base 13, what is 1 - -49?
4a
In base 14, what is -5d + 0?
-5d
In base 10, what is -6 + 22?
16
In base 16, what is 4b4 - -6?
4ba
In base 12, what is -7 - 68?
-73
In base 6, what is -115 - 11?
-130
In base 15, what is -9c + 7?
-95
In base 10, what is 0 + 5298?
5298
In base 3, what is -2022100 + 110?
-2021220
In base 15, what is -63 - d?
-71
In base 5, what is 10 - -4344?
4404
In base 6, what is 2233 + -31?
2202
In base 2, what is 11 + -1001010001111?
-1001010001100
In base 9, what is 108 - 13?
85
In base 7, what is -13 - 140?
-153
In base 12, what is 4 + 358?
360
In base 13, what is -1 - 183?
-184
In base 11, what is -69 - -17?
-52
In base 14, what is -3a2 + 16?
-38a
In base 16, what is -4 + -3a?
-3e
In base 3, what is 101111 + -11?
101100
In base 16, what is -5 + 74?
6f
In base 13, what is -1 - -c?
b
In base 8, what is 12 - -117?
131
In base 5, what is 112 - -3?
120
In base 4, what is 32 + -21?
11
In base 15, what is -7d - -1e?
-5e
In base 13, what is -3 + -225?
-228
In base 15, what is -21a - 4?
-21e
In base 8, what is 1700 + -1?
1677
In base 12, what is -4 + 24?
20
In base 2, what is -101011011 - -11?
-101011000
In base 14, what is -14 + -11?
-25
In base 7, what is -13 - 1224?
-1240
In base 16, what is 2043 - 5?
203e
In base 6, what is 0 + 1501?
1501
In base 11, what is 24 - -5?
29
In base 9, what is 8 + 206?
215
In base 15, what is 270 + -4?
26b
In base 4, what is 332212 - -3?
332221
In base 12, what is -a33 - 4?
-a37
In base 9, what is 147 + 17?
165
In base 6, what is 103413 - 4?
103405
In base 5, what is 10 - 212?
-202
In base 14, what is 12 + -a8?
-96
In base 3, what is 202 - -12?
221
In base 13, what is -18 - b33?
-b4b
In base 16, what is 42 - -5?
47
In base 6, what is 1 - 13100?
-13055
In base 8, what is -4 + 11013?
11007
In base 2, what is 1 - 10011000110?
-10011000101
In base 5, what is -11 - 114?
-130
In base 11, what is 4 - 81?
-78
In base 8, what is 14 + 111?
125
In base 12, what is -a + -28?
-36
In base 8, what is 36 + -5?
31
In base 8, what is 217 - 2?
215
In base 9, what is 101 - 221?
-120
In base 12, what is -20 - 43?
-63
In base 5, what is 304 - -1042?
1401
In base 9, what is 0 + -438?
-438
In base 9, what is 721 - -3?
724
In base 9, what is -557 - 2?
-560
In base 10, what is 5 - -1?
6
In base 4, what is 2 - 3110?
-3102
In base 11, what is -320 - 2?
-322
In base 3, what is -1020 + 10?
-1010
In base 9, what is -6 - 160?
-166
In base 4, what is 1103311 + -11?
1103300
In base 6, what is -4 + 32?
24
In base 9, what is 153 - -4?
157
In base 4, what is -11 - 0?
-11
In base 6, what is -1002 + 1?
-1001
In base 3, what is -11 + -10010?
-10021
In base 3, what is 2110 - -10?
2120
In base 7, what is 3 - 2360?
-2354
In base 7, what is 120 - -36?
156
In base 5, what is 2 + 1203